Calculate -16 - ((-40 - 4) + 29).
-1
Calculate (-1 - (-14 - -1)) + (-1 - (-3 + 6)).
8
-7 + (-11 - (9 - 19)) - (3 + 0)
-11
Evaluate -5 - (8 + 7 + -2 + -7).
-11
What is the value of 4 + (-9 - (11 - 3))?
-13
What is the value of -52 + 58 - (0 + (-4 - -3) - -1)?
6
Evaluate 27 + (-37 - 18) + 21.
-7
Evaluate -3 + -9 + (6 - -4).
-2
-4 + 24 + -12 + 4
12
What is the value of 2 - (-3 - -11 - (-21 - -17))?
-10
Evaluate (11 - 42 - (4 - 15)) + 4.
-16
Evaluate 10 - (3 + (11 + -5 - 3)).
4
Calculate (6 - 11) + 6 + (2 - -23) + -9.
17
What is -14 + 0 - (17 + -30 + -27)?
26
What is the value of -5 - (14 + (-23 - -3))?
1
What is -1 + -6 - (-4 + 6 + -14 + 20)?
-15
Evaluate (8 - (-10 - (7 - -10))) + 5 + -8.
32
Evaluate 25 + -26 - (2 - 4) - 6.
-5
What is the value of -39 + 37 + (-3 - 5) + 1?
-9
-1 + -3 + (1 - -2 - 0) + -4
-5
Evaluate 27 - (0 + -3 + 3 + (-10 - -18)).
19
Calculate 1 + (4 - (0 - -3 - 1)) + -12.
-9
Evaluate -27 + (-18 - -45) - 17.
-17
What is 5 - (-9 - -3 - -8)?
3
Evaluate 17 + 0 + 2 + (46 - 44) + -3.
18
-4 - (-16 - (7 + -14))
5
Evaluate 2 - (6 - (-5 + 0)) - (-17 + 25).
-17
What is -916 + 901 - (-32 - -1)?
16
What is (-2 + 3 - -16) + 119 + -129?
7
Evaluate 5 - 6 - -6 - 24.
-19
What is the value of -17 + (10 - (15 - 6))?
-16
What is -3 + (-7 + (-2 + 7 - 1) - -3)?
-3
(1 - 5) + 73 + (-56 - 1)
12
Calculate -1 + -25 + 58 - 55.
-23
What is -5 + 4 + -2 + 15 - 8?
4
9 + -8 + 1 + 5 - 2 - 6
-1
Calculate 25 + -10 + (1 - -2 - (1 - -1)).
16
Evaluate (3 - 3) + (-5 - 11) - -7.
-9
What is the value of -17 + (16 - 18) + 20 + -12?
-11
Evaluate -11 + (19 - 10) + (8 - 15).
-9
What is -7 + 0 + 6 + (-1 - 3) + -5?
-10
What is the value of 15 + -9 + 9 + -12?
3
Evaluate -11 - -34 - 53 - -22.
-8
What is the value of 53 - 10 - (107 - 83)?
19
Calculate -7 + (-23 - -21) + -7.
-16
What is the value of 0 - (0 - (0 + 0)) - (-6201 - -6187)?
14
Calculate (-21 - -1) + 0 + (-5 + 4 - -11).
-10
Calculate 14 - (8 - (8 - -2)).
16
Evaluate -138 + 114 + (1 - -2).
-21
(2 - (-1 + 5) - -3) + (-1 - -4)
4
What is the value of -1 - ((-10 - -24) + -9)?
-6
What is the value of -231 + 248 + 3 + 0 + -21?
-1
-9 + 0 - (11 - ((51 - 9) + -6))
16
Calculate (-16 + -21 + 46 - (-4 - -18)) + 9.
4
Evaluate 8 + 2 + (-7 - 13).
-10
What is the value of (0 - ((-1 - 3) + -5)) + -3 + -30?
-24
Calculate 103 + -92 + (-2 - (6 - 4)).
7
Calculate -21 - (14 - (12 + 5)) - (-2 - 4).
-12
What is -6 - -12 - (-3 + (1 - 7) + 11)?
4
Evaluate -11 - (7 - (-2 - (-8 + 0))).
-12
What is the value of -1 + (10 - 5) + -10?
-6
Evaluate -3 - -21 - 14 - 21.
-17
What is -115 - -81 - (-12 - 1) - (-6 + -1)?
-14
Calculate 127 + -119 + (-39 - -7).
-24
-49 + 38 - (5 - 12)
-4
Evaluate 2 - 10 - (66 + -63).
-11
What is (-4 + 8 - (1 + 2) - -11) + -1?
11
Calculate 20 + (-2 - 17) - (1 + 5).
-5
What is the value of 4 + -1 - (1736 + -1736)?
3
What is -24 + (40 - 8) + -22?
-14
29 + 0 + -92 + 86 + 5 + -2
26
What is the value of -92 + 84 - ((4 - 1) + 3 + -5)?
-9
Evaluate (-1 - 8 - (4 - 4)) + 3 - -13.
7
Calculate 46 - 45 - (5 + 1) - -2 - -20.
17
What is -5 + 3 + 33 + 5 + (-8 - 0)?
28
Calculate -1 - (3 + -5 + 4 + -6) - 3.
0
What is 5 + -13 + 5 + (-4 - -11) + -8?
-4
Evaluate 5 + (3 - 3) + 1 + 7 + -26.
-13
Evaluate -30 + 12 + 21 - (-38 + 2).
39
Calculate -17 + (-17 - (-20 + 18) - -52).
20
Calculate (18 - 10) + -9 - (-2 + 7).
-6
What is the value of 7 + -12 + 4 + 7 - (-4 + 17)?
-7
Evaluate 18 - (31 - 19) - -11.
17
Calculate (-5 + 9 - 6) + 14.
12
What is the value of -60 + 65 + 1 + -10?
-4
What is the value of 23 + -22 + (12 - 9) - 17?
-13
What is -4 + (4 - -2 - (-2 - -10))?
-6
Calculate -17 - ((0 - -43) + -93).
33
Evaluate 67 - 68 - (-2 + (1 - 4)).
4
What is the value of -37 - (-24 + (5 - 4) + 8)?
-22
Calculate 2 + (-2 - -2) + 4 + 22 + -31.
-3
What is the value of -1 + -1 + 13 + (192 - 212)?
-9
What is 16 + (-4 - 11) + 31 + 1 + -3?
30
Calculate (-25 - (-13 + -11)) + -2 + 2 + -6.
-7
Calculate (1 - 2) + 3 + (-1 - -12) + -6.
7
Calculate -1 + -15 + 1 - (37 - 44) - 0.
-8
16 + -8 + -6 + 6 + -7
1
What is 18 - (-10 + (-1 - -12) + -1 + 6)?
12
What is (6 - (-1 - 12)) + -2 + -5?
12
Evaluate -34 - ((44 - 44) + (0 - 12)).
-22
Calculate -4 - -1 - (-30 - -41).
-14
Calculate -16 - (-13 + 12) - (17 + 4).
-36
What is the value of 10 - (0 + 5 - (100 - 98))?
7
What is 0 + 0 + 4 - -1 - (0 + 0)?
5
Calculate -4 - (37 + -25 - (6 - -2)).
-8
0 - -19 - 33 - 15
-29
What is -7 - (2 - (-4 + (8 - (12 - 7))))?
-10
What is 5 + (1023 + -1023 - (7 + (-1 - -1)))?
-2
What is -7 + 4 + (3 - (8 + 1)) + 2?
-7
74 - 62 - (0 + 1 + (0 - 1))
12
What is the value of -2 + 0 + 15 + 548 + -558?
3
-20 - (-20 + 45 + -27)
-18
Evaluate 4 + 17 - (-46 + 58).
9
What is (15 - -3 - 23) + -14?
-19
(1 - (-6 + (2 - -5))) + 4
4
What is -12 + (3 - (-6 - 2))?
-1
(-11 - (9 + -9 + -10)) + (-4 - 1)
-6
-389 + 393 - (-1 - (-1 + 1))
5
-54 + 55 - (7 - (9 - 5))
-2
1 + 17 + 11 + -12 + -3
14
What is 41 + -5 + -11 - 36?
-11
What is the value of -8 + -9 + 4 + (30 - -4)?
21
Calculate -9 - ((-12 - -9 - 0) + 14).
-20
What is 10 - (27 + -10) - (-5 - (8 - 0))?
6
What is 1 - 2 - (10 - (24 - 14))?
-1
What is the value of (34 - 4) + (13 - 33)?
10
Evaluate -3 + (-11 - -21) - 5 - (18 + -2).
-14
Calculate -45 + (-54 - -52) + (6 + -3 - -9).
-35
Calculate -6 + (25 + -2 - (1 + 3)).
13
Evaluate -2 + (15 - (-12 + 21)).
4
Calculate (-1 - -3) + 8 + (-6 - -8).
12
-12 + 0 + (189 - 190)
-13
What is the value of -36 - ((1 - 12) + (-47 - -89) + -43)?
-24
Calculate -2 + (1 - -2) + -18 + -29 + 34.
-12
What is the value of (13 - 34) + (9 - -2)?
-10
What is the value of -2 + (-2 - -8 - -10 - 3)?
11
Evaluate -6 - -1 - (3 + -1 + 4 + 27).
-38
What is -29 + 27 + (-22 - -14)?
-10
0 + -15 - (200 - 211) - -4
0
Evaluate (-1 - 0) + 14 - 5 - (61 - 38).
-15
What is the value of 18 - (18 - -1 - (56 - 44))?
11
Calculate 11 - 39 - -30 - 15.
-13
What is the value of 15 + (13 + 2 - 27)?
3
6 + -7 - (-2 - -6 - (2 + -9))
-12
Evaluate 410 + -422 - (4 - 9).
-7
What is the value of 19 + -4 + (-5 - 2)?
8
Calculate 16 + -3 - (192 - 200).
21
-8 - -10 - 17 - -12 - (-1 + -30)
28
What is (-5 + -2 + 11 - 32) + 20?
-8
8 + -3 + 1 + -47 + 13 + 31
3
(-51 - -34) + 9 + 2
-6
What is -250 + 274 - (-1 + 25)?
0
What is the value of 3 - (0 + (0 - 1) + 6)?
-2
Calculate -10 + 11 + (-5 + 0 - (-61 - -30)).
27
Calculate (-3 + -29 - -23) + (-4 - -2).
-11
(274 - 301) + (-1 - -4) + 0
-24
Calculate -19 + (-8 - -6) + 0 + 7 + 0.
-14
What is the value of 2 + 9 - (41 + 19 + -41)?
-8
Calculate -1 + -14 + -16 + 28 - 8.
-11
-356 + 363 - (1 - (1 - 11))
-4
-19 - -9 - 8 - (-66 - -61)
-13
Evaluate -7 + 11 - 15 - (0 + -2 + -1).
-8
-1 - (-43 + 28) - -13
27
What is the value of 6 + 9 + 5 + -24?
-4
Calculate (-40 - (-86 - 18)) + -32.
32
Evaluate 7 + (1 + (-6 + 5 - 2) - 17).
-12
Evaluate -45 + 47 + -8 + -2 - (4 - 38).
26
(8 - 7) + 16 + -9 - 15
-7
Calculate -7 - (11 - (2 + 9 + -12)).
-19
Evaluate -3 + (2 + -10 - -3) - (-1 - 4).
-3
Evaluate (-11 - -2) + -13 + 15 - -5.
-2
Evaluate 31 + -2 + 3 + (-17 + 9 - 4).
20
Calculate 0 - 4 - ((0 - -2) + (3 - 13)).
4
Calculate (-241 - -240) + -1 + 17.
15
Calculate 4 + 3 + -13 + 7 + (-9 - -17).
9
What is the value of -1 - (2 - 2) - (26 + 24 + -29)?
-22
-17 + (-6 + 8 - (16 + -9) - -3)
-19
Evaluate 4 + (1 + -5 - (-1 + -5 + -1)).
7
Calculate -2 - 13 - -10 - (-2 - 3).
0
What is the value of -3 - (-4 - (-4 + (-5 - -12) + -2))?
2
What is the value of -238 + 250 - (-1 - -2)?
11
Evaluate (-19 - 3) + (-1 - -12).
-11
What is the value of 1 + 3 + (5 - (7 + 4) - 4)?
-6
Evaluate (-7 + 13 - -2) + -14.
-6
Calculate 1 - (7 + 0 - (14 + (8 - 7))).
9
Evaluate (-7 - (-8 - 5)) + 7 + 2.
15
-5 + 10 + -9 + (-6 - -18)
8
What is the value of 2 + -1 + (-23 - -22) + -1 + 1?
0
What is (-50 - (-37 + -2)) + (-1 - -15) - 36?
-33
-32 - -18 - -20 - (0 + 10)
-4
What is the value of 7 + -5 - (3 + 1) - 13 - -3?
-12
What is (-1 - 3) + 11 + 1 + (4 - 9)?
3
What is (-3 - 0) + -790 + 801?
8
Calculate 26 + 2 - (-63 - -79).
12
What is the value of -22 + (-10 + 2 - (1 + 12 - 26))?
-17
Calculate 5 + -15 + 2 - (-3 + 0 + -23).
18
What is the value of -5 + 32 - (14 + 1)?
12
Evaluate (16 + 0 - -1) + 5 + 14 + -27.
9
Calculate (64 - 51) + (-1 - 0) + 13.
25
Evaluate -11 + (-6 - (-12 + 26)).
-31
What is -12 + (27 - (11 + -2)) - 13?
-7
Evaluate 17 - ((-8 - -27) + -12).
10
What is -26 + 16 + 5 + 0?
-5
What is the value of (-6 - (-1 - (9 + -10))) + 